
2
Let t(v) = 8*v**2 + 27*v + 32. What is the hundreds digit of t(10)?
1
Let l = 1235 + 124. What is the thousands digit of l?
1
Let d = -55 - -58. Suppose -3*a = d*a - 1122. What is the units digit of a?
7
Suppose u + 66 = 2*p, -p - 7*u + 3*u = -24. Let i be p/7 + (-15)/(-35). Suppose -i*n = -61 - 49. What is the units digit of n?
2
Let r = -112 + 208. Let z = 75 + r. What is the hundreds digit of z?
1
Let c = -96 + 107. What is the units digit of c?
1
Suppose -b - 4 = 16. What is the units digit of 457/5 + (-52)/b + -3?
1
Let p(y) be the third derivative of y**7/2520 + y**6/720 - y**5/12 + y**4/24 + y**2. Let k(o) be the second derivative of p(o). What is the tens digit of k(7)?
4
Let r be 38/(-57) - (31/3 - 1). Let a(x) = -4*x - 6*x + x**3 + 13 + 0*x**2 + 9*x**2. What is the units digit of a(r)?
3
Let w be (1 - -4)/(2/(-14)). Let a be 18/48 + (-129)/24. What is the units digit of 7/w - 196/a?
9
Let i(j) = j + 2. Let h be i(-5). What is the tens digit of (h + 4)/((-2)/(-96))?
4
Let w be 0 + 0 - (3 - 3). Suppose -3*j + 8*j - 240 = w. What is the tens digit of (26/(-8))/((-12)/j)?
1
Let r(z) = -4*z - 22. Let p be r(-8). Let m(x) = x**2 + 4*x + 9. What is the units digit of m(p)?
9
Suppose 343 = -5*q - 162. Suppose 272 = -41*f + 37*f. Let t = f - q. What is the tens digit of t?
3
Suppose -82 - 93 = -5*m. Suppose -5*n = -5*a + 50, 0*a - 5*a = -5. What is the units digit of 1*m + (-8 - n)?
6
Let u(z) = z + 3. Let o(a) = -4*a - 14. Let s(f) = f**3 + 5*f**2 - 8*f + 2. Let m be s(-6). Let c(t) = m*u(t) + 3*o(t). What is the units digit of c(3)?
6
Let a = 2631 - 3769. What is the tens digit of 12/(-96) - a/16?
7
Suppose 0 = 4*f - 3*y - 1250, f = 4*y + 493 - 174. What is the tens digit of f?
1
Let i(c) = -c - 4. Let x be i(5). Suppose 23 = -v + 4*t, -3*v - 39 = 6*t - 3*t. Let m = x - v. What is the units digit of m?
6
Let p(f) = -28*f**3 - 9*f**2 + 5*f + 5. What is the tens digit of p(-3)?
6
Let p = 517 + 107. What is the units digit of p?
4
Let s = 92 + -92. Suppose s = -w + 69 + 39. What is the hundreds digit of w?
1
Let u be ((257 - -3) + -2)/((-6)/(-8)). Let p = u + -206. What is the units digit of p?
8
Suppose 3*n - 2*n - 4 = 0. Suppose -n = -h - u, 8 = 5*h - 4*u - 12. What is the units digit of 678/21 + h/(-14)?
2
Let k(v) = -v - 1. Let y be k(-6). Suppose 3 - 33 = y*b. Let r = 2 - b. What is the units digit of r?
8
Suppose 4*o = -2*f - 2, -f - o + 1 + 0 = 0. Suppose -f = u - 4*x + 2, 22 = u + 5*x. What is the units digit of u?
7
What is the tens digit of (-3)/(-1) - (-2 + -689)?
9
Suppose 17 = -2*u + 5*h, 0*u - 33 = -2*u - 5*h. Suppose -u*x + 246 = -x. Suppose 0 = 3*o - 3*c - 60, 4*c = -5*o - 0*c + x. What is the units digit of o?
8
Let l(v) = 33*v**2 + 21*v - 153. What is the hundreds digit of l(7)?
6
Let q(c) = c**3 - 6*c**2 + 3*c + 3. Let t be q(6). What is the tens digit of ((-3)/(-1))/(1/t)?
6
Let n = -41 - -757. What is the units digit of n?
6
Let f(b) = b**2 + b - 1. Let s be f(-2). Suppose 7*q + 8 = 15. Suppose u - s = q. What is the units digit of u?
2
Suppose -8*o + 3997 = -3331. What is the units digit of o?
6
Let n = 348 + -52. Suppose -712 = -7*k + n. What is the tens digit of k?
4
What is the units digit of 42*(1 - -3) - 2?
6
Suppose -7561 - 2659 = -14*g. Suppose 0 = 3*s + 3*c - 546, -3*s - g = -7*s - 5*c. What is the units digit of s?
0
Let g(v) = -4*v**2 + 8*v - 5. Let l(k) = k**2 - k + 1. Let i(x) = g(x) + 6*l(x). Let b be i(-1). What is the units digit of ((-1)/b)/(1/(-9))?
9
Let h be (0 - 2)*30/12. Let r = -1 - h. Suppose r*d = -0*d + 20. What is the units digit of d?
5
Let w(j) = -j**2 + 17*j + 3500. What is the tens digit of w(0)?
0
Let w = 592 - 61. What is the tens digit of w?
3
Let t(r) = 5*r - 13. What is the units digit of t(10)?
7
Let d = -1042 + 1892. What is the units digit of d?
0
Let i = -85 + 93. Suppose -5*z + 398 - i = 0. What is the units digit of z?
8
Let g(n) = -n**3 + 16*n**2 + 18*n - 2. Let a be g(17). Suppose 0 = -k - 5, 2*k + 0*k - a = -5*j. What is the units digit of 11*3 - (j + -9)?
7
Let p = -19 + 53. Let c = p - 11. What is the tens digit of c?
2
Suppose 4*h - 19 = -2*b + 7, 0 = 4*b - 3*h - 8. Suppose -l = l - n - 24, -l = -b*n - 21. What is the tens digit of l?
1
Suppose -6*d - 161 - 55 = 0. Suppose -3*g = -5*g + 172. Let p = d + g. What is the tens digit of p?
5
Let n(x) = -3*x**2 - 12*x + 23. Let z(p) = -7*p**2 - 24*p + 47. Let y be -1 + 4 + -3 - -2. Let q(v) = y*z(v) - 5*n(v). What is the units digit of q(-15)?
4
Let i = 2 - -81. What is the units digit of i?
3
Suppose -2 - 5 = 5*q - 4*x, -2*x + 1 = -5*q. What is the units digit of (-10)/(q/(-1)) + 4?
4
Let t = 23 - 19. What is the units digit of (-21)/(-9)*((-1 - -3) + t)?
4
Let a = -973 + 1693. What is the tens digit of a?
2
Let q(n) = -n**3 - n**2 + n + 5. Let m be q(0). Let z(v) = 6*v - m*v**2 + 5 + 6*v**2 - 2*v**2. What is the tens digit of z(5)?
1
Suppose 0*p - 1087 = -2*p + 5*h, -4*p - 4*h = -2244. Let j = -378 + p. What is the tens digit of j?
7
Suppose 0 = 3*h + 5*z - 706, -3*h + 3*z + 951 = h. What is the hundreds digit of h?
2
Suppose 0 = 4*d + o - 216, 7*o - 5*o - 108 = -2*d. What is the hundreds digit of 4/d*2190 + (-2)/9?
1
Let s(t) = 545*t**2 + t - 3. What is the units digit of s(3)?
5
Let u(b) = 7*b - 11*b - 3*b - 30. What is the units digit of u(-10)?
0
Let x = -63 - -65. Suppose 0 = x*c + 5 - 133. What is the units digit of c?
4
Suppose 5*g + 10 = f - 12, -f = -g - 6. Suppose 5*l = -4*m + 141, 4*m + l - f*l = 135. What is the units digit of m?
4
Let v be 904/3 - (112/21 - 6). Suppose g + 122 = v. What is the units digit of g?
0
Suppose -4*v - 8*v = -37632. Suppose -23*m + 7*m + v = 0. What is the hundreds digit of m?
1
Let t(x) = -4*x - 2*x + 7*x + 56 - 6. Let q(n) = -n**2 - 8*n - 12. Let l be q(-6). What is the tens digit of t(l)?
5
Let r(n) = n**2 - 6*n + 14. Let p be r(4). Suppose 0 = 5*m - 3*m - p. Suppose -m*w = -13 + 1. What is the units digit of w?
4
Let o(t) = 7*t**3 + t**2 + 3*t - 6. Let c(j) = -3*j**3 - j + 3. Let v(f) = 5*c(f) + 2*o(f). Let k be v(-3). What is the tens digit of ((-14)/(-3))/(6/k)?
3
Suppose -4*b = 5*m - 4988, m = -37*b + 42*b + 1015. What is the hundreds digit of m?
0
Suppose -w + 1370 = 395. What is the tens digit of w?
7
Suppose 63*k + 2585 = 68*k. What is the units digit of k?
7
Suppose -7*a = -3*a - 12. Let r(f) = 2*f**2 + a*f**2 - 4*f**2 - 10 - f. What is the tens digit of r(-5)?
2
Let n be -2 + 0/(-5) - -416. Suppose 2*g - 208 = b, 4*b = 4*g + b - n. What is the hundreds digit of g?
1
Suppose 3*l - 6 + 0 = 0. Suppose w + 117 = 2*u - 4*w, l*u - 114 = 2*w. What is the tens digit of u?
5
Let j(x) = 11*x**2 + 31*x - 171. What is the tens digit of j(5)?
5
Let m(u) = 16*u**3 - 6*u**2 + 4*u + 6. What is the hundreds digit of m(5)?
8
What is the tens digit of 582 + (5 - (0 - 1))?
8
Suppose -6*g = -10*g. What is the units digit of (6 - g) + -2 - -37?
1
Suppose -a - n - 4 = 4*a, 4*a - 2*n = 8. Suppose a = 6*s - 877 + 175. What is the hundreds digit of s?
1
Suppose -6*d = -4*d - 8. Suppose -5*n - 2*m - m + 430 = 0, 5*n - d*m = 465. What is the units digit of n?
9
Let o be -6 - ((-2)/2 + 1). What is the units digit of ((-20)/o)/((-3)/(-9))?
0
Let t = -8 + 4. Let m(p) = -3*p + 4 + 3 - 4 - 4. What is the units digit of m(t)?
1
Suppose -r - 3*y + 1 = 3, 3*y - 10 = 5*r. Let x be (r/(-9))/(2/18). What is the tens digit of x*((-315)/6)/(-3)?
3
Suppose f = -5*d + 5*f + 48, 4*d - 38 = 3*f. Let z = 49 - 33. Let c = z - d. What is the units digit of c?
8
Suppose j - 1360 = -2*c + 6*j, 2*c - 1358 = 4*j. What is the tens digit of c?
7
Let t be (1/3)/(3/666). Suppose -5*q = -3*f + t + 95, 2*f - q - 122 = 0. What is the tens digit of f?
6
Suppose 0 = g - 6*g + 25. Suppose -3*r = g*p - 173, 5*r + 1 = p - 28. What is the tens digit of p?
3
Suppose 0 = -5*h - 463 + 118. Let s = h - -35. Let t = s + 53. What is the tens digit of t?
1
Suppose -8*l + 922 + 2430 = 0. What is the hundreds digit of l?
4
Suppose -i + 4*s + 59 = 0, -7*i - 3*s = -4*i - 177. What is the units digit of i?
9
Let u = 7623 - 3046. What is the tens digit of u?
7
Suppose -5*y = 932 - 2742. Suppose 141 = -c + y. What is the tens digit of c?
2
Suppose -27 = 3*r - 9. What is the units digit of (56/(-10))/(r/45)?
2
Suppose 0 = 2884*c - 2889*c + 955. What 